hat are the prime factors of 11530?
2, 5, 1153
List the prime factors of 2150.
2, 5, 43
What are the prime factors of 7143?
3, 2381
What are the prime factors of 58282?
2, 7, 23, 181
List the prime factors of 25359.
3, 79, 107
What are the prime factors of 155322?
2, 3, 8629
What are the prime factors of 5802?
2, 3, 967
List the prime factors of 12789.
3, 7, 29
What are the prime factors of 2181?
3, 727
What are the prime factors of 1261?
13, 97
List the prime factors of 288.
2, 3
What are the prime factors of 2757?
3, 919
List the prime factors of 120222.
2, 3, 6679
List the prime factors of 360.
2, 3, 5
What are the prime factors of 2923?
37, 79
What are the prime factors of 417?
3, 139
What are the prime factors of 1584?
2, 3, 11
What are the prime factors of 6568?
2, 821
What are the prime factors of 1184?
2, 37
List the prime factors of 122170.
2, 5, 19, 643
List the prime factors of 149593.
227, 659
What are the prime factors of 258?
2, 3, 43
List the prime factors of 134585.
5, 11, 2447
List the prime factors of 3465.
3, 5, 7, 11
List the prime factors of 7021.
7, 17, 59
What are the prime factors of 1253?
7, 179
List the prime factors of 8235.
3, 5, 61
What are the prime factors of 6833?
6833
What are the prime factors of 255?
3, 5, 17
What are the prime factors of 17621?
67, 263
List the prime factors of 33015.
3, 5, 31, 71
List the prime factors of 98898.
2, 3, 53, 311
What are the prime factors of 25097?
25097
What are the prime factors of 51658?
2, 23, 1123
List the prime factors of 228.
2, 3, 19
What are the prime factors of 1439?
1439
List the prime factors of 125973.
3, 13997
What are the prime factors of 23177?
7, 11, 43
What are the prime factors of 649?
11, 59
List the prime factors of 24687.
3, 13, 211
List the prime factors of 21462.
2, 3, 7, 73
What are the prime factors of 15498?
2, 3, 7, 41
List the prime factors of 102637.
197, 521
What are the prime factors of 1829?
31, 59
What are the prime factors of 101?
101
List the prime factors of 2215.
5, 443
What are the prime factors of 2570?
2, 5, 257
What are the prime factors of 2819?
2819
List the prime factors of 1478.
2, 739
List the prime factors of 84901.
59, 1439
List the prime factors of 1045.
5, 11, 19
List the prime factors of 14651.
7, 13, 23
List the prime factors of 16476.
2, 3, 1373
What are the prime factors of 19505?
5, 47, 83
What are the prime factors of 123685?
5, 29, 853
What are the prime factors of 618?
2, 3, 103
What are the prime factors of 622?
2, 311
List the prime factors of 157641.
3, 11, 17, 281
List the prime factors of 2102.
2, 1051
List the prime factors of 6667.
59, 113
List the prime factors of 632.
2, 79
What are the prime factors of 1037?
17, 61
List the prime factors of 73254.
2, 3, 29, 421
What are the prime factors of 4842?
2, 3, 269
List the prime factors of 668.
2, 167
List the prime factors of 4597.
4597
What are the prime factors of 23034?
2, 3, 11, 349
What are the prime factors of 120755?
5, 24151
What are the prime factors of 41604?
2, 3, 3467
List the prime factors of 45481.
45481
What are the prime factors of 1451?
1451
List the prime factors of 1229.
1229
List the prime factors of 384.
2, 3
List the prime factors of 31.
31
What are the prime factors of 32170?
2, 5, 3217
What are the prime factors of 161969?
161969
List the prime factors of 9312.
2, 3, 97
List the prime factors of 35793.
3, 41, 97
List the prime factors of 1160.
2, 5, 29
What are the prime factors of 19394?
2, 9697
List the prime factors of 7095.
3, 5, 11, 43
What are the prime factors of 22?
2, 11
List the prime factors of 338.
2, 13
List the prime factors of 843.
3, 281
List the prime factors of 3746.
2, 1873
What are the prime factors of 4169?
11, 379
What are the prime factors of 379?
379
What are the prime factors of 920?
2, 5, 23
List the prime factors of 55379.
79, 701
List the prime factors of 19006.
2, 13, 17, 43
List the prime factors of 92207.
19, 23, 211
What are the prime factors of 17889?
3, 67, 89
List the prime factors of 18783.
3, 2087
List the prime factors of 1241.
17, 73
What are the prime factors of 124916?
2, 11, 17, 167
What are the prime factors of 995?
5, 199
List the prime factors of 8570.
2, 5, 857
What are the prime factors of 22336?
2, 349
List the prime factors of 115191.
3, 12799
List the prime factors of 671.
11, 61
What are the prime factors of 888?
2, 3, 37
List the prime factors of 48.
2, 3
What are the prime factors of 85094?
2, 157, 271
List the prime factors of 11871.
3, 1319
What are the prime factors of 12133?
11, 1103
What are the prime factors of 23236?
2, 37, 157
List the prime factors of 116323.
89, 1307
List the prime factors of 4912.
2, 307
List the prime factors of 4455.
3, 5, 11
What are the prime factors of 3259?
3259
List the prime factors of 31269.
3, 7, 1489
List the prime factors of 3848.
2, 13, 37
What are the prime factors of 3472?
2, 7, 31
What are the prime factors of 210?
2, 3, 5, 7
List the prime factors of 793.
13, 61
What are the prime factors of 33098?
2, 13, 19, 67
List the prime factors of 4161.
3, 19, 73
What are the prime factors of 3229?
3229
What are the prime factors of 61811?
113, 547
List the prime factors of 10119.
3, 3373
What are the prime factors of 180?
2, 3, 5
What are the prime factors of 7977?
3, 2659
List the prime factors of 28430.
2, 5, 2843
List the prime factors of 15699.
3, 5233
List the prime factors of 3053.
43, 71
List the prime factors of 1126.
2, 563
What are the prime factors of 2057?
11, 17
List the prime factors of 2848.
2, 89
List the prime factors of 4801.
4801
What are the prime factors of 59028?
2, 3, 4919
List the prime factors of 71.
71
List the prime factors of 42151.
61, 691
List the prime factors of 6424.
2, 11, 73
List the prime factors of 938.
2, 7, 67
What are the prime factors of 63855?
3, 5, 11, 43
What are the prime factors of 235?
5, 47
What are the prime factors of 13704?
2, 3, 571
List the prime factors of 2679.
3, 19, 47
What are the prime factors of 2478?
2, 3, 7, 59
List the prime factors of 696.
2, 3, 29
What are the prime factors of 16484?
2, 13, 317
What are the prime factors of 82723?
82723
List the prime factors of 771.
3, 257
List the prime factors of 66888.
2, 3, 929
What are the prime factors of 1061?
1061
List the prime factors of 1353.
3, 11, 41
List the prime factors of 9304.
2, 1163
List the prime factors of 34456.
2, 59, 73
What are the prime factors of 34404?
2, 3, 47, 61
What are the prime factors of 2759?
31, 89
What are the prime factors of 20202?
2, 3, 7, 13, 37
List the prime factors of 2281.
2281
What are the prime factors of 6783?
3, 7, 17, 19
List the prime factors of 48.
2, 3
What are the prime factors of 23003?
23003
What are the prime factors of 1773?
3, 197
List the prime factors of 229.
229
What are the prime factors of 401?
401
List the prime factors of 41920.
2, 5, 131
What are the prime factors of 638?
2, 11, 29
List the prime factors of 2735.
5, 547
List the prime factors of 4309.
31, 139
What are the prime factors of 41191?
17, 2423
What are the prime factors of 8446?
2, 41, 103
What are the prime factors of 36514?
2, 18257
List the prime factors of 26122.
2, 37, 353
List the prime factors of 77286.
2, 3, 11, 1171
What are the prime factors of 1163?
1163
What are the prime factors of 3278?
2, 11, 149
List the prime factors of 4709.
17, 277
List the prime factors of 43216.
2, 37, 73
List the prime factors of 2275.
5, 7, 13
What are the prime factors of 21009?
3, 47, 149
List the prime factors of 647.
647
List the prime factors of 13339.
13339
List the prime factors of 1492.
2, 373
What are the prime factors of 40902?
2, 3, 17, 401
List the prime factors of 1164.
2, 3, 97
What are the prime factors of 15651?
3, 37, 47
What are the prime factors of 3316?
2, 829
List the prime factors of 21860.
2, 5, 1093
What are the prime factors of 260?
2, 5, 13
What are the prime factors of 1935?
3, 5, 43
List the prime factors of 1323.
3, 7
What are the prime factors of 13758?
2, 3, 2293
List the prime factors of 233.
233
What are the prime factors of 5348?
2, 7, 191
What are the prime factors of 26386?
2, 79, 167
What are the prime factors of 122?
2, 61
What are the prime factors of 25074?
2, 3, 7, 199
What are the prime factor